{"id":5201,"date":"2024-08-27T18:37:46","date_gmt":"2024-08-27T18:37:46","guid":{"rendered":"http:\/\/somosemg.com\/?page_id=5201"},"modified":"2024-12-16T18:11:51","modified_gmt":"2024-12-16T18:11:51","slug":"blog","status":"publish","type":"page","link":"http:\/\/somosemg.com\/?page_id=5201","title":{"rendered":"BLOG"},"content":{"rendered":"<div class=\"fusion-fullwidth fullwidth-box fusion-builder-row-1 fusion-flex-container has-pattern-background has-mask-background nonhundred-percent-fullwidth non-hundred-percent-height-scrolling\" style=\"--awb-border-radius-top-left:0px;--awb-border-radius-top-right:0px;--awb-border-radius-bottom-right:0px;--awb-border-radius-bottom-left:0px;--awb-padding-top:120px;--awb-padding-bottom:120px;--awb-flex-wrap:wrap;\" ><div class=\"fusion-builder-row fusion-row fusion-flex-align-items-flex-start fusion-flex-content-wrap\" style=\"max-width:1248px;margin-left: calc(-4% \/ 2 );margin-right: calc(-4% \/ 2 );\"><div class=\"fusion-layout-column fusion_builder_column fusion-builder-column-0 fusion_builder_column_1_1 1_1 fusion-flex-column\" style=\"--awb-bg-size:cover;--awb-width-large:100%;--awb-margin-top-large:0px;--awb-spacing-right-large:1.92%;--awb-margin-bottom-large:20px;--awb-spacing-left-large:1.92%;--awb-width-medium:100%;--awb-order-medium:0;--awb-spacing-right-medium:1.92%;--awb-spacing-left-medium:1.92%;--awb-width-small:100%;--awb-order-small:0;--awb-spacing-right-small:1.92%;--awb-spacing-left-small:1.92%;\"><div class=\"fusion-column-wrapper fusion-column-has-shadow fusion-flex-justify-content-flex-start fusion-content-layout-column\"><div class=\"fusion-blog-shortcode fusion-blog-shortcode-1 fusion-blog-archive fusion-blog-layout-large fusion-blog-pagination\"><div class=\"fusion-posts-container fusion-posts-container-pagination fusion-no-meta-info fusion-blog-rollover\" data-pages=\"2\"><article id=\"blog-1-post-5816\" class=\"fusion-post-large post-5816 post type-post status-publish format-standard has-post-thumbnail hentry category-uncategorized\">\n\t<style type=\"text\/css\">\n\t\t\n\t\t\n\t\t\n\t\t\n\t\t\t<\/style>\n\n\n\t\t\t<div class=\"fusion-flexslider flexslider fusion-flexslider-loading fusion-post-slideshow\" style=\"\">\n\t\t<ul class=\"slides\">\n\t\t\t\n\t\t\t\t\t\t\t\t\t\t\t\t\t\t<li><div  class=\"fusion-image-wrapper\" aria-haspopup=\"true\">\n\t\t\t\t<img decoding=\"async\" width=\"1350\" height=\"344\" src=\"http:\/\/somosemg.com\/wp-content\/uploads\/2024\/11\/Picture2.png\" class=\"attachment-full size-full lazyload wp-post-image\" alt=\"\" srcset=\"data:image\/svg+xml,%3Csvg%20xmlns%3D%27http%3A%2F%2Fwww.w3.org%2F2000%2Fsvg%27%20width%3D%271350%27%20height%3D%27344%27%20viewBox%3D%270%200%201350%20344%27%3E%3Crect%20width%3D%271350%27%20height%3D%27344%27%20fill-opacity%3D%220%22%2F%3E%3C%2Fsvg%3E\" data-orig-src=\"http:\/\/somosemg.com\/wp-content\/uploads\/2024\/11\/Picture2.png\" data-srcset=\"http:\/\/somosemg.com\/wp-content\/uploads\/2024\/11\/Picture2-200x51.png 200w, http:\/\/somosemg.com\/wp-content\/uploads\/2024\/11\/Picture2-400x102.png 400w, http:\/\/somosemg.com\/wp-content\/uploads\/2024\/11\/Picture2-600x153.png 600w, http:\/\/somosemg.com\/wp-content\/uploads\/2024\/11\/Picture2-800x204.png 800w, http:\/\/somosemg.com\/wp-content\/uploads\/2024\/11\/Picture2-1200x306.png 1200w, http:\/\/somosemg.com\/wp-content\/uploads\/2024\/11\/Picture2.png 1350w\" data-sizes=\"auto\" \/><div class=\"fusion-rollover\">\n\t<div class=\"fusion-rollover-content\">\n\n\t\t\t\t\t\t\t\t\t\t\t\t\t\t<a class=\"fusion-rollover-link\" href=\"http:\/\/somosemg.com\/?p=5816\">El impacto del reciclaje en tu comunidad<\/a>\n\t\t\t\n\t\t\t\t\t\t\t\t\t\t\t\t\t\t\n\t\t\t\t\t\t\t\t\n\t\t\t\t\t\t\t\t\t\t\t\t\t<div class=\"fusion-rollover-sep\"><\/div>\n\t\t\t\t\n\t\t\t\t\t\t\t\t\t\t\t\t\t\t\t\t\t\t<a class=\"fusion-rollover-gallery\" href=\"http:\/\/somosemg.com\/wp-content\/uploads\/2024\/11\/Picture2.png\" data-id=\"5816\" data-rel=\"iLightbox[gallery]\" data-title=\"Picture2\" data-caption=\"\">\n\t\t\t\t\t\tGallery\t\t\t\t\t<\/a>\n\t\t\t\t\t\t\t\t\t\t\t\t\t\t\n\t\t\n\t\t\t\t\t\t\t\t\t\t\t\t<h4 class=\"fusion-rollover-title\">\n\t\t\t\t\t<a class=\"fusion-rollover-title-link\" href=\"http:\/\/somosemg.com\/?p=5816\">\n\t\t\t\t\t\tEl impacto del reciclaje en tu comunidad\t\t\t\t\t<\/a>\n\t\t\t\t<\/h4>\n\t\t\t\n\t\t\t\t\t\t\t\t\t\t<div class=\"fusion-rollover-categories\"><a href=\"http:\/\/somosemg.com\/?cat=1\" rel=\"tag\">Uncategorized<\/a><\/div>\t\t\t\t\t\n\t\t\n\t\t\t\t\t\t<a class=\"fusion-link-wrapper\" href=\"http:\/\/somosemg.com\/?p=5816\" aria-label=\"El impacto del reciclaje en tu comunidad\"><\/a>\n\t<\/div>\n<\/div>\n<\/div>\n<\/li>\n\t\t\t\n\t\t\t\n\t\t\t\t\t\t\t\t\t\t\t\t\t\t\t\t\t\t\t\t\t\t\t\t\t\t\t\t\t\t\t\t\t\t\t\t\t\t\t\t\t\t\t\t\t\t\t\t\t\t\t\t\t\t\t\t\t\t\t\t\t\t\t\t\t\t\t\t<\/ul>\n\t<\/div>\n\t<div class=\"fusion-post-content post-content\"><h2 class=\"blog-shortcode-post-title entry-title\"><a href=\"http:\/\/somosemg.com\/?p=5816\">El impacto del reciclaje en tu comunidad<\/a><\/h2><div class=\"fusion-post-content-container\"><p> El reciclaje es una actividad fundamental para mejorar la calidad de vida de tu comunidad. Te mencionamos sus principales beneficios: Al reciclar, disminuyes la cantidad de basura que va<\/p><\/div><\/div><div class=\"fusion-clearfix\"><\/div><\/article>\n<article id=\"blog-1-post-5814\" class=\"fusion-post-large post-5814 post type-post status-publish format-standard has-post-thumbnail hentry category-uncategorized\">\n\t<style type=\"text\/css\">\n\t\t\n\t\t\n\t\t\n\t\t\n\t\t\t<\/style>\n\n\n\t\t\t<div class=\"fusion-flexslider flexslider fusion-flexslider-loading fusion-post-slideshow\" style=\"\">\n\t\t<ul class=\"slides\">\n\t\t\t\n\t\t\t\t\t\t\t\t\t\t\t\t\t\t<li><div  class=\"fusion-image-wrapper\" aria-haspopup=\"true\">\n\t\t\t\t<img decoding=\"async\" width=\"1350\" height=\"422\" src=\"http:\/\/somosemg.com\/wp-content\/uploads\/2024\/11\/Picture5.png\" class=\"attachment-full size-full lazyload wp-post-image\" alt=\"\" srcset=\"data:image\/svg+xml,%3Csvg%20xmlns%3D%27http%3A%2F%2Fwww.w3.org%2F2000%2Fsvg%27%20width%3D%271350%27%20height%3D%27422%27%20viewBox%3D%270%200%201350%20422%27%3E%3Crect%20width%3D%271350%27%20height%3D%27422%27%20fill-opacity%3D%220%22%2F%3E%3C%2Fsvg%3E\" data-orig-src=\"http:\/\/somosemg.com\/wp-content\/uploads\/2024\/11\/Picture5.png\" data-srcset=\"http:\/\/somosemg.com\/wp-content\/uploads\/2024\/11\/Picture5-200x63.png 200w, http:\/\/somosemg.com\/wp-content\/uploads\/2024\/11\/Picture5-400x125.png 400w, http:\/\/somosemg.com\/wp-content\/uploads\/2024\/11\/Picture5-600x188.png 600w, http:\/\/somosemg.com\/wp-content\/uploads\/2024\/11\/Picture5-800x250.png 800w, http:\/\/somosemg.com\/wp-content\/uploads\/2024\/11\/Picture5-1200x375.png 1200w, http:\/\/somosemg.com\/wp-content\/uploads\/2024\/11\/Picture5.png 1350w\" data-sizes=\"auto\" \/><div class=\"fusion-rollover\">\n\t<div class=\"fusion-rollover-content\">\n\n\t\t\t\t\t\t\t\t\t\t\t\t\t\t<a class=\"fusion-rollover-link\" href=\"http:\/\/somosemg.com\/?p=5814\">El poder del combustible s\u00f3lido formulado<\/a>\n\t\t\t\n\t\t\t\t\t\t\t\t\t\t\t\t\t\t\n\t\t\t\t\t\t\t\t\n\t\t\t\t\t\t\t\t\t\t\t\t\t<div class=\"fusion-rollover-sep\"><\/div>\n\t\t\t\t\n\t\t\t\t\t\t\t\t\t\t\t\t\t\t\t\t\t\t<a class=\"fusion-rollover-gallery\" href=\"http:\/\/somosemg.com\/wp-content\/uploads\/2024\/11\/Picture5.png\" data-id=\"5814\" data-rel=\"iLightbox[gallery]\" data-title=\"Picture5\" data-caption=\"\">\n\t\t\t\t\t\tGallery\t\t\t\t\t<\/a>\n\t\t\t\t\t\t\t\t\t\t\t\t\t\t\n\t\t\n\t\t\t\t\t\t\t\t\t\t\t\t<h4 class=\"fusion-rollover-title\">\n\t\t\t\t\t<a class=\"fusion-rollover-title-link\" href=\"http:\/\/somosemg.com\/?p=5814\">\n\t\t\t\t\t\tEl poder del combustible s\u00f3lido formulado\t\t\t\t\t<\/a>\n\t\t\t\t<\/h4>\n\t\t\t\n\t\t\t\t\t\t\t\t\t\t<div class=\"fusion-rollover-categories\"><a href=\"http:\/\/somosemg.com\/?cat=1\" rel=\"tag\">Uncategorized<\/a><\/div>\t\t\t\t\t\n\t\t\n\t\t\t\t\t\t<a class=\"fusion-link-wrapper\" href=\"http:\/\/somosemg.com\/?p=5814\" aria-label=\"El poder del combustible s\u00f3lido formulado\"><\/a>\n\t<\/div>\n<\/div>\n<\/div>\n<\/li>\n\t\t\t\n\t\t\t\n\t\t\t\t\t\t\t\t\t\t\t\t\t\t\t\t\t\t\t\t\t\t\t\t\t\t\t\t\t\t\t\t\t\t\t\t\t\t\t\t\t\t\t\t\t\t\t\t\t\t\t\t\t\t\t\t\t\t\t\t\t\t\t\t\t\t\t\t<\/ul>\n\t<\/div>\n\t<div class=\"fusion-post-content post-content\"><h2 class=\"blog-shortcode-post-title entry-title\"><a href=\"http:\/\/somosemg.com\/?p=5814\">El poder del combustible s\u00f3lido formulado<\/a><\/h2><div class=\"fusion-post-content-container\"><p> En un mundo cada vez m\u00e1s consciente de la necesidad de fuentes de energ\u00eda sostenibles, el combustible s\u00f3lido formulado surge como una soluci\u00f3n transformadora y efectiva. En este blog,<\/p><\/div><\/div><div class=\"fusion-clearfix\"><\/div><\/article>\n<article id=\"blog-1-post-5812\" class=\"fusion-post-large post-5812 post type-post status-publish format-standard has-post-thumbnail hentry category-uncategorized\">\n\t<style type=\"text\/css\">\n\t\t\n\t\t\n\t\t\n\t\t\n\t\t\t<\/style>\n\n\n\t\t\t<div class=\"fusion-flexslider flexslider fusion-flexslider-loading fusion-post-slideshow\" style=\"\">\n\t\t<ul class=\"slides\">\n\t\t\t\n\t\t\t\t\t\t\t\t\t\t\t\t\t\t<li><div  class=\"fusion-image-wrapper\" aria-haspopup=\"true\">\n\t\t\t\t<img decoding=\"async\" width=\"1350\" height=\"344\" src=\"http:\/\/somosemg.com\/wp-content\/uploads\/2024\/11\/Picture4.png\" class=\"attachment-full size-full lazyload wp-post-image\" alt=\"\" srcset=\"data:image\/svg+xml,%3Csvg%20xmlns%3D%27http%3A%2F%2Fwww.w3.org%2F2000%2Fsvg%27%20width%3D%271350%27%20height%3D%27344%27%20viewBox%3D%270%200%201350%20344%27%3E%3Crect%20width%3D%271350%27%20height%3D%27344%27%20fill-opacity%3D%220%22%2F%3E%3C%2Fsvg%3E\" data-orig-src=\"http:\/\/somosemg.com\/wp-content\/uploads\/2024\/11\/Picture4.png\" data-srcset=\"http:\/\/somosemg.com\/wp-content\/uploads\/2024\/11\/Picture4-200x51.png 200w, http:\/\/somosemg.com\/wp-content\/uploads\/2024\/11\/Picture4-400x102.png 400w, http:\/\/somosemg.com\/wp-content\/uploads\/2024\/11\/Picture4-600x153.png 600w, http:\/\/somosemg.com\/wp-content\/uploads\/2024\/11\/Picture4-800x204.png 800w, http:\/\/somosemg.com\/wp-content\/uploads\/2024\/11\/Picture4-1200x306.png 1200w, http:\/\/somosemg.com\/wp-content\/uploads\/2024\/11\/Picture4.png 1350w\" data-sizes=\"auto\" \/><div class=\"fusion-rollover\">\n\t<div class=\"fusion-rollover-content\">\n\n\t\t\t\t\t\t\t\t\t\t\t\t\t\t<a class=\"fusion-rollover-link\" href=\"http:\/\/somosemg.com\/?p=5812\">La magia de la limpieza de espacios<\/a>\n\t\t\t\n\t\t\t\t\t\t\t\t\t\t\t\t\t\t\n\t\t\t\t\t\t\t\t\n\t\t\t\t\t\t\t\t\t\t\t\t\t<div class=\"fusion-rollover-sep\"><\/div>\n\t\t\t\t\n\t\t\t\t\t\t\t\t\t\t\t\t\t\t\t\t\t\t<a class=\"fusion-rollover-gallery\" href=\"http:\/\/somosemg.com\/wp-content\/uploads\/2024\/11\/Picture4.png\" data-id=\"5812\" data-rel=\"iLightbox[gallery]\" data-title=\"Picture4\" data-caption=\"\">\n\t\t\t\t\t\tGallery\t\t\t\t\t<\/a>\n\t\t\t\t\t\t\t\t\t\t\t\t\t\t\n\t\t\n\t\t\t\t\t\t\t\t\t\t\t\t<h4 class=\"fusion-rollover-title\">\n\t\t\t\t\t<a class=\"fusion-rollover-title-link\" href=\"http:\/\/somosemg.com\/?p=5812\">\n\t\t\t\t\t\tLa magia de la limpieza de espacios\t\t\t\t\t<\/a>\n\t\t\t\t<\/h4>\n\t\t\t\n\t\t\t\t\t\t\t\t\t\t<div class=\"fusion-rollover-categories\"><a href=\"http:\/\/somosemg.com\/?cat=1\" rel=\"tag\">Uncategorized<\/a><\/div>\t\t\t\t\t\n\t\t\n\t\t\t\t\t\t<a class=\"fusion-link-wrapper\" href=\"http:\/\/somosemg.com\/?p=5812\" aria-label=\"La magia de la limpieza de espacios\"><\/a>\n\t<\/div>\n<\/div>\n<\/div>\n<\/li>\n\t\t\t\n\t\t\t\n\t\t\t\t\t\t\t\t\t\t\t\t\t\t\t\t\t\t\t\t\t\t\t\t\t\t\t\t\t\t\t\t\t\t\t\t\t\t\t\t\t\t\t\t\t\t\t\t\t\t\t\t\t\t\t\t\t\t\t\t\t\t\t\t\t\t\t\t<\/ul>\n\t<\/div>\n\t<div class=\"fusion-post-content post-content\"><h2 class=\"blog-shortcode-post-title entry-title\"><a href=\"http:\/\/somosemg.com\/?p=5812\">La magia de la limpieza de espacios<\/a><\/h2><div class=\"fusion-post-content-container\"><p> La limpieza de tu entorno, no solo mejora la est\u00e9tica, sino que adem\u00e1s, aumenta la productividad y el bienestar de tus colaboradores. Algunos beneficios de mantener tus espacios (<\/p><\/div><\/div><div class=\"fusion-clearfix\"><\/div><\/article>\n<article id=\"blog-1-post-5810\" class=\"fusion-post-large post-5810 post type-post status-publish format-standard has-post-thumbnail hentry category-uncategorized\">\n\t<style type=\"text\/css\">\n\t\t\n\t\t\n\t\t\n\t\t\n\t\t\t<\/style>\n\n\n\t\t\t<div class=\"fusion-flexslider flexslider fusion-flexslider-loading fusion-post-slideshow\" style=\"\">\n\t\t<ul class=\"slides\">\n\t\t\t\n\t\t\t\t\t\t\t\t\t\t\t\t\t\t<li><div  class=\"fusion-image-wrapper\" aria-haspopup=\"true\">\n\t\t\t\t<img decoding=\"async\" width=\"1350\" height=\"344\" src=\"http:\/\/somosemg.com\/wp-content\/uploads\/2024\/11\/Picture3.png\" class=\"attachment-full size-full lazyload wp-post-image\" alt=\"\" srcset=\"data:image\/svg+xml,%3Csvg%20xmlns%3D%27http%3A%2F%2Fwww.w3.org%2F2000%2Fsvg%27%20width%3D%271350%27%20height%3D%27344%27%20viewBox%3D%270%200%201350%20344%27%3E%3Crect%20width%3D%271350%27%20height%3D%27344%27%20fill-opacity%3D%220%22%2F%3E%3C%2Fsvg%3E\" data-orig-src=\"http:\/\/somosemg.com\/wp-content\/uploads\/2024\/11\/Picture3.png\" data-srcset=\"http:\/\/somosemg.com\/wp-content\/uploads\/2024\/11\/Picture3-200x51.png 200w, http:\/\/somosemg.com\/wp-content\/uploads\/2024\/11\/Picture3-400x102.png 400w, http:\/\/somosemg.com\/wp-content\/uploads\/2024\/11\/Picture3-600x153.png 600w, http:\/\/somosemg.com\/wp-content\/uploads\/2024\/11\/Picture3-800x204.png 800w, http:\/\/somosemg.com\/wp-content\/uploads\/2024\/11\/Picture3-1200x306.png 1200w, http:\/\/somosemg.com\/wp-content\/uploads\/2024\/11\/Picture3.png 1350w\" data-sizes=\"auto\" \/><div class=\"fusion-rollover\">\n\t<div class=\"fusion-rollover-content\">\n\n\t\t\t\t\t\t\t\t\t\t\t\t\t\t<a class=\"fusion-rollover-link\" href=\"http:\/\/somosemg.com\/?p=5810\">Tipos de plagas y c\u00f3mo un servicio de control ayudar\u00eda a tu negocio<\/a>\n\t\t\t\n\t\t\t\t\t\t\t\t\t\t\t\t\t\t\n\t\t\t\t\t\t\t\t\n\t\t\t\t\t\t\t\t\t\t\t\t\t<div class=\"fusion-rollover-sep\"><\/div>\n\t\t\t\t\n\t\t\t\t\t\t\t\t\t\t\t\t\t\t\t\t\t\t<a class=\"fusion-rollover-gallery\" href=\"http:\/\/somosemg.com\/wp-content\/uploads\/2024\/11\/Picture3.png\" data-id=\"5810\" data-rel=\"iLightbox[gallery]\" data-title=\"Picture3\" data-caption=\"\">\n\t\t\t\t\t\tGallery\t\t\t\t\t<\/a>\n\t\t\t\t\t\t\t\t\t\t\t\t\t\t\n\t\t\n\t\t\t\t\t\t\t\t\t\t\t\t<h4 class=\"fusion-rollover-title\">\n\t\t\t\t\t<a class=\"fusion-rollover-title-link\" href=\"http:\/\/somosemg.com\/?p=5810\">\n\t\t\t\t\t\tTipos de plagas y c\u00f3mo un servicio de control ayudar\u00eda a tu negocio\t\t\t\t\t<\/a>\n\t\t\t\t<\/h4>\n\t\t\t\n\t\t\t\t\t\t\t\t\t\t<div class=\"fusion-rollover-categories\"><a href=\"http:\/\/somosemg.com\/?cat=1\" rel=\"tag\">Uncategorized<\/a><\/div>\t\t\t\t\t\n\t\t\n\t\t\t\t\t\t<a class=\"fusion-link-wrapper\" href=\"http:\/\/somosemg.com\/?p=5810\" aria-label=\"Tipos de plagas y c\u00f3mo un servicio de control ayudar\u00eda a tu negocio\"><\/a>\n\t<\/div>\n<\/div>\n<\/div>\n<\/li>\n\t\t\t\n\t\t\t\n\t\t\t\t\t\t\t\t\t\t\t\t\t\t\t\t\t\t\t\t\t\t\t\t\t\t\t\t\t\t\t\t\t\t\t\t\t\t\t\t\t\t\t\t\t\t\t\t\t\t\t\t\t\t\t\t\t\t\t\t\t\t\t\t\t\t\t\t<\/ul>\n\t<\/div>\n\t<div class=\"fusion-post-content post-content\"><h2 class=\"blog-shortcode-post-title entry-title\"><a href=\"http:\/\/somosemg.com\/?p=5810\">Tipos de plagas y c\u00f3mo un servicio de control ayudar\u00eda a tu negocio<\/a><\/h2><div class=\"fusion-post-content-container\"><p> La presencia de plagas en tu negocio puede volverle un caos, ya que no solo afecta la operaci\u00f3n diaria, sino tambi\u00e9n la salud y reputaci\u00f3n de la empresa. A<\/p><\/div><\/div><div class=\"fusion-clearfix\"><\/div><\/article>\n<article id=\"blog-1-post-5804\" class=\"fusion-post-large post-5804 post type-post status-publish format-standard has-post-thumbnail hentry category-uncategorized\">\n\t<style type=\"text\/css\">\n\t\t\n\t\t\n\t\t\n\t\t\n\t\t\t<\/style>\n\n\n\t\t\t<div class=\"fusion-flexslider flexslider fusion-flexslider-loading fusion-post-slideshow\" style=\"\">\n\t\t<ul class=\"slides\">\n\t\t\t\n\t\t\t\t\t\t\t\t\t\t\t\t\t\t<li><div  class=\"fusion-image-wrapper\" aria-haspopup=\"true\">\n\t\t\t\t<img decoding=\"async\" width=\"1960\" height=\"500\" src=\"http:\/\/somosemg.com\/wp-content\/uploads\/2024\/11\/8-4.png\" class=\"attachment-full size-full lazyload wp-post-image\" alt=\"Servicios de Recoleccion\" srcset=\"data:image\/svg+xml,%3Csvg%20xmlns%3D%27http%3A%2F%2Fwww.w3.org%2F2000%2Fsvg%27%20width%3D%271960%27%20height%3D%27500%27%20viewBox%3D%270%200%201960%20500%27%3E%3Crect%20width%3D%271960%27%20height%3D%27500%27%20fill-opacity%3D%220%22%2F%3E%3C%2Fsvg%3E\" data-orig-src=\"http:\/\/somosemg.com\/wp-content\/uploads\/2024\/11\/8-4.png\" data-srcset=\"http:\/\/somosemg.com\/wp-content\/uploads\/2024\/11\/8-4-200x51.png 200w, http:\/\/somosemg.com\/wp-content\/uploads\/2024\/11\/8-4-400x102.png 400w, http:\/\/somosemg.com\/wp-content\/uploads\/2024\/11\/8-4-600x153.png 600w, http:\/\/somosemg.com\/wp-content\/uploads\/2024\/11\/8-4-800x204.png 800w, http:\/\/somosemg.com\/wp-content\/uploads\/2024\/11\/8-4-1200x306.png 1200w, http:\/\/somosemg.com\/wp-content\/uploads\/2024\/11\/8-4.png 1960w\" data-sizes=\"auto\" \/><div class=\"fusion-rollover\">\n\t<div class=\"fusion-rollover-content\">\n\n\t\t\t\t\t\t\t\t\t\t\t\t\t\t<a class=\"fusion-rollover-link\" href=\"http:\/\/somosemg.com\/?p=5804\">Porque es importante contar con un buen servicio de recolecci\u00f3n?<\/a>\n\t\t\t\n\t\t\t\t\t\t\t\t\t\t\t\t\t\t\n\t\t\t\t\t\t\t\t\n\t\t\t\t\t\t\t\t\t\t\t\t\t<div class=\"fusion-rollover-sep\"><\/div>\n\t\t\t\t\n\t\t\t\t\t\t\t\t\t\t\t\t\t\t\t\t\t\t<a class=\"fusion-rollover-gallery\" href=\"http:\/\/somosemg.com\/wp-content\/uploads\/2024\/11\/8-4.png\" data-id=\"5804\" data-rel=\"iLightbox[gallery]\" data-title=\"Servicios de Recoleccion\" data-caption=\"\">\n\t\t\t\t\t\tGallery\t\t\t\t\t<\/a>\n\t\t\t\t\t\t\t\t\t\t\t\t\t\t\n\t\t\n\t\t\t\t\t\t\t\t\t\t\t\t<h4 class=\"fusion-rollover-title\">\n\t\t\t\t\t<a class=\"fusion-rollover-title-link\" href=\"http:\/\/somosemg.com\/?p=5804\">\n\t\t\t\t\t\tPorque es importante contar con un buen servicio de recolecci\u00f3n?\t\t\t\t\t<\/a>\n\t\t\t\t<\/h4>\n\t\t\t\n\t\t\t\t\t\t\t\t\t\t<div class=\"fusion-rollover-categories\"><a href=\"http:\/\/somosemg.com\/?cat=1\" rel=\"tag\">Uncategorized<\/a><\/div>\t\t\t\t\t\n\t\t\n\t\t\t\t\t\t<a class=\"fusion-link-wrapper\" href=\"http:\/\/somosemg.com\/?p=5804\" aria-label=\"Porque es importante contar con un buen servicio de recolecci\u00f3n?\"><\/a>\n\t<\/div>\n<\/div>\n<\/div>\n<\/li>\n\t\t\t\n\t\t\t\n\t\t\t\t\t\t\t\t\t\t\t\t\t\t\t\t\t\t\t\t\t\t\t\t\t\t\t\t\t\t\t\t\t\t\t\t\t\t\t\t\t\t\t\t\t\t\t\t\t\t\t\t\t\t\t\t\t\t\t\t\t\t\t\t\t\t\t\t<\/ul>\n\t<\/div>\n\t<div class=\"fusion-post-content post-content\"><h2 class=\"blog-shortcode-post-title entry-title\"><a href=\"http:\/\/somosemg.com\/?p=5804\">Porque es importante contar con un buen servicio de recolecci\u00f3n?<\/a><\/h2><div class=\"fusion-post-content-container\"><p> Contar con un servicio eficiente de recolecci\u00f3n de basura, desechos o residuos es fundamental para el funcionamiento y \u00e9xito de cualquier empresa. A continuaci\u00f3n, te brindamos varias razones que<\/p><\/div><\/div><div class=\"fusion-clearfix\"><\/div><\/article>\n<\/div><div class=\"pagination clearfix\"><span class=\"current\">1<\/span><a href=\"http:\/\/somosemg.com\/index.php?rest_route=%2Fwp%2Fv2%2Fpages%2F5201&#038;paged=2\" class=\"inactive\">2<\/a><a class=\"pagination-next\" rel=\"next\" href=\"http:\/\/somosemg.com\/index.php?rest_route=%2Fwp%2Fv2%2Fpages%2F5201&#038;paged=2\"><span class=\"page-text\">Next<\/span><span class=\"page-next\"><\/span><\/a><\/div><div class=\"fusion-clearfix\"><\/div><\/div><\/div><\/div><\/div><\/div>\n","protected":false},"excerpt":{"rendered":"","protected":false},"author":1,"featured_media":0,"parent":0,"menu_order":0,"comment_status":"closed","ping_status":"closed","template":"100-width.php","meta":{"footnotes":""},"class_list":["post-5201","page","type-page","status-publish","hentry"],"yoast_head":"<!-- This site is optimized with the Yoast SEO plugin v27.4 - https:\/\/yoast.com\/product\/yoast-seo-wordpress\/ -->\n<title>BLOG - Environmental Management Group<\/title>\n<meta name=\"robots\" content=\"index, follow, max-snippet:-1, max-image-preview:large, max-video-preview:-1\" \/>\n<link rel=\"canonical\" href=\"http:\/\/somosemg.com\/?page_id=5201\" \/>\n<meta property=\"og:locale\" content=\"en_US\" \/>\n<meta property=\"og:type\" content=\"article\" \/>\n<meta property=\"og:title\" content=\"BLOG - Environmental Management Group\" \/>\n<meta property=\"og:url\" content=\"http:\/\/somosemg.com\/?page_id=5201\" \/>\n<meta property=\"og:site_name\" content=\"Environmental Management Group\" \/>\n<meta property=\"article:modified_time\" content=\"2024-12-16T18:11:51+00:00\" \/>\n<meta name=\"twitter:card\" content=\"summary_large_image\" \/>\n<meta name=\"twitter:label1\" content=\"Est. reading time\" \/>\n\t<meta name=\"twitter:data1\" content=\"3 minutes\" \/>\n<script type=\"application\/ld+json\" class=\"yoast-schema-graph\">{\"@context\":\"https:\\\/\\\/schema.org\",\"@graph\":[{\"@type\":\"WebPage\",\"@id\":\"http:\\\/\\\/somosemg.com\\\/?page_id=5201\",\"url\":\"http:\\\/\\\/somosemg.com\\\/?page_id=5201\",\"name\":\"BLOG - Environmental Management Group\",\"isPartOf\":{\"@id\":\"https:\\\/\\\/somosemg.com\\\/#website\"},\"datePublished\":\"2024-08-27T18:37:46+00:00\",\"dateModified\":\"2024-12-16T18:11:51+00:00\",\"breadcrumb\":{\"@id\":\"http:\\\/\\\/somosemg.com\\\/?page_id=5201#breadcrumb\"},\"inLanguage\":\"en-US\",\"potentialAction\":[{\"@type\":\"ReadAction\",\"target\":[\"http:\\\/\\\/somosemg.com\\\/?page_id=5201\"]}]},{\"@type\":\"BreadcrumbList\",\"@id\":\"http:\\\/\\\/somosemg.com\\\/?page_id=5201#breadcrumb\",\"itemListElement\":[{\"@type\":\"ListItem\",\"position\":1,\"name\":\"Home\",\"item\":\"https:\\\/\\\/somosemg.com\\\/\"},{\"@type\":\"ListItem\",\"position\":2,\"name\":\"BLOG\"}]},{\"@type\":\"WebSite\",\"@id\":\"https:\\\/\\\/somosemg.com\\\/#website\",\"url\":\"https:\\\/\\\/somosemg.com\\\/\",\"name\":\"Environmental Management Group\",\"description\":\"Por un futuro mas verde\",\"potentialAction\":[{\"@type\":\"SearchAction\",\"target\":{\"@type\":\"EntryPoint\",\"urlTemplate\":\"https:\\\/\\\/somosemg.com\\\/?s={search_term_string}\"},\"query-input\":{\"@type\":\"PropertyValueSpecification\",\"valueRequired\":true,\"valueName\":\"search_term_string\"}}],\"inLanguage\":\"en-US\"}]}<\/script>\n<!-- \/ Yoast SEO plugin. -->","yoast_head_json":{"title":"BLOG - Environmental Management Group","robots":{"index":"index","follow":"follow","max-snippet":"max-snippet:-1","max-image-preview":"max-image-preview:large","max-video-preview":"max-video-preview:-1"},"canonical":"http:\/\/somosemg.com\/?page_id=5201","og_locale":"en_US","og_type":"article","og_title":"BLOG - Environmental Management Group","og_url":"http:\/\/somosemg.com\/?page_id=5201","og_site_name":"Environmental Management Group","article_modified_time":"2024-12-16T18:11:51+00:00","twitter_card":"summary_large_image","twitter_misc":{"Est. reading time":"3 minutes"},"schema":{"@context":"https:\/\/schema.org","@graph":[{"@type":"WebPage","@id":"http:\/\/somosemg.com\/?page_id=5201","url":"http:\/\/somosemg.com\/?page_id=5201","name":"BLOG - Environmental Management Group","isPartOf":{"@id":"https:\/\/somosemg.com\/#website"},"datePublished":"2024-08-27T18:37:46+00:00","dateModified":"2024-12-16T18:11:51+00:00","breadcrumb":{"@id":"http:\/\/somosemg.com\/?page_id=5201#breadcrumb"},"inLanguage":"en-US","potentialAction":[{"@type":"ReadAction","target":["http:\/\/somosemg.com\/?page_id=5201"]}]},{"@type":"BreadcrumbList","@id":"http:\/\/somosemg.com\/?page_id=5201#breadcrumb","itemListElement":[{"@type":"ListItem","position":1,"name":"Home","item":"https:\/\/somosemg.com\/"},{"@type":"ListItem","position":2,"name":"BLOG"}]},{"@type":"WebSite","@id":"https:\/\/somosemg.com\/#website","url":"https:\/\/somosemg.com\/","name":"Environmental Management Group","description":"Por un futuro mas verde","potentialAction":[{"@type":"SearchAction","target":{"@type":"EntryPoint","urlTemplate":"https:\/\/somosemg.com\/?s={search_term_string}"},"query-input":{"@type":"PropertyValueSpecification","valueRequired":true,"valueName":"search_term_string"}}],"inLanguage":"en-US"}]}},"_links":{"self":[{"href":"http:\/\/somosemg.com\/index.php?rest_route=\/wp\/v2\/pages\/5201","targetHints":{"allow":["GET"]}}],"collection":[{"href":"http:\/\/somosemg.com\/index.php?rest_route=\/wp\/v2\/pages"}],"about":[{"href":"http:\/\/somosemg.com\/index.php?rest_route=\/wp\/v2\/types\/page"}],"author":[{"embeddable":true,"href":"http:\/\/somosemg.com\/index.php?rest_route=\/wp\/v2\/users\/1"}],"replies":[{"embeddable":true,"href":"http:\/\/somosemg.com\/index.php?rest_route=%2Fwp%2Fv2%2Fcomments&post=5201"}],"version-history":[{"count":9,"href":"http:\/\/somosemg.com\/index.php?rest_route=\/wp\/v2\/pages\/5201\/revisions"}],"predecessor-version":[{"id":5822,"href":"http:\/\/somosemg.com\/index.php?rest_route=\/wp\/v2\/pages\/5201\/revisions\/5822"}],"wp:attachment":[{"href":"http:\/\/somosemg.com\/index.php?rest_route=%2Fwp%2Fv2%2Fmedia&parent=5201"}],"curies":[{"name":"wp","href":"https:\/\/api.w.org\/{rel}","templated":true}]}}